and 589?
19
Let x(h) = h**3 + 34*h**2 + 64*h - 48. Let p be x(-32). Let b be 2 + p/((-28)/7). What is the greatest common factor of 182 and b?
14
Let a be 88 + (-2 - (-2)/2). Suppose -3279416 = -2543*f + 726*f - 4423*f - 22136. Calculate the greatest common divisor of a and f.
87
Let j be (-45)/(-5)*10/45. Let g be j/((-5)/(-3)*(-34)/(-425)). Calculate the greatest common divisor of g and 195.
15
Suppose 0 = -45*s - 4120 + 6820. Calculate the highest common factor of s and 14790.
30
Let u be ((-2)/4)/((-2)/924). Suppose -143334 = -3*o - 143271. Calculate the greatest common factor of o and u.
21
Suppose -144*w + 34390 + 46250 = 0. What is the highest common factor of w and 2464?
112
Let l(p) = -p**2 + 130*p - 702. Let f be l(6). What is the greatest common divisor of f and 174?
6
Suppose -3*s + 900 = -3*k, -3*k - 3*s = 780 + 126. Let y = 541 + k. Calculate the highest common factor of 60 and y.
60
Let l = 4 + -2. Let n = -15 + 12. Let i(d) = -d**2 - 5*d - 5. Let v be i(n). Calculate the highest common divisor of l and v.
1
Suppose -4*r + 14*r + 1369 - 2139 = 0. What is the highest common factor of 7777 and r?
77
Let p = -235 - -460. Suppose 5*b - 5*k - p = 0, 2*b - 9*k + 12*k - 90 = 0. Calculate the highest common divisor of 36 and b.
9
Let y be 4/((-9)/(36/8)). Let z be (-5)/((-2 + 1)/((-62)/y)). Suppose z = v - 4*g, -2*g - 620 = -4*v + 2*g. Calculate the highest common factor of 31 and v.
31
Let g = 526 + -348. Let x = 474 - g. What is the highest common factor of 37 and x?
37
Let z = 21708 - 21633. Suppose -4*i = 98 - 638. What is the greatest common factor of z and i?
15
Suppose -f + 33 = -d, -3*f = -1969*d + 1972*d - 111. Calculate the highest common factor of 497 and f.
7
Suppose 9 + 6 = 4*a - c, 24 = 5*a - 3*c. Let b be 2 - -1 - (-4 + (-74 - -4)). Suppose -43 = -5*u + b. Calculate the greatest common divisor of u and a.
3
Suppose 4 = 4*h - 3*h + 4*k, k - 6 = h. Let d be (-6 - -4)*42*h/8. Calculate the highest common factor of d and 147.
21
Let v(w) = w**3 - 2*w - 1. Let g be v(2). Suppose 5*n = g + 42. Let u be ((-108)/(-30) - 3)*135. Calculate the greatest common divisor of n and u.
9
Suppose 146*l - 10681 - 2527 = 2560. Calculate the greatest common factor of 1404 and l.
108
Suppose 969 = c + 3*b, 4*b - 4881 = -5*c + 7*b. What is the highest common divisor of 15 and c?
15
Suppose -5*a = 3*n - 1526, -620*n = -3*a - 617*n + 906. Calculate the greatest common factor of a and 133.
19
Let p be ((-109)/(-2) + -1)/(2/(-4)). Let w = p + 121. Let j = 3 - 1. What is the highest common factor of w and j?
2
Suppose -8*u = 20*u. Suppose -4*f + 279 - 3 = u. What is the greatest common factor of f and 1173?
69
Let o = -3570 + 3585. What is the highest common divisor of 15 and o?
15
Suppose -7*t = -10*t - 1500. Let f = -374 - t. Calculate the greatest common divisor of 90 and f.
18
Suppose 9*a - 181 = 44. Let j(p) = 24*p + 11. Let g be j(a). What is the highest common divisor of 26 and g?
13
Let c(r) = -r**3 - 6*r**2 - 6*r - 11. Let v be c(-5). Let w be v*3 + (-3 - 1). Let x = -19 - w. Calculate the highest common divisor of 18 and x.
3
Suppose -r = 582*f - 579*f - 128, -3*f - 5*r = -136. Calculate the greatest common factor of f and 1218.
42
Let o(m) = 13*m - 4. Let q be o(8). Let k = -24720 - -24740. What is the greatest common factor of k and q?
20
Let i = -20 + 48. Let w be ((-60)/70)/((-2)/i). Let f = 117 - 69. Calculate the highest common divisor of w and f.
12
Suppose 4338*y = 4350*y - 119040. What is the greatest common divisor of y and 10?
10
Suppose 2*f - 1 = 2*v + 5, 5*v + 12 = 4*f. Suppose v = 12*k - 3*k - 18. Let n be 17 - (3 - (2 + k)). Calculate the greatest common factor of n and 54.
18
Suppose 5*u = 3*x + 22, -u + 0*u + 6 = -x. Let y be ((-9)/x)/(9*(-10)/(-14400)). What is the greatest common divisor of y and 36?
36
Suppose i + 2*i = 5*b + 932, -5*i - 2*b + 1512 = 0. Let q be (-90)/(-2) + (-20 - 4) + 17. What is the highest common divisor of q and i?
38
Suppose 5*a = 3*y + 75303, -531*a - 3*y = -535*a + 60243. Calculate the highest common divisor of 10 and a.
10
Suppose 0 = -6*d - 22 + 34. Suppose -c + 415 = 2*q + d*c, 2*q - 414 = -4*c. What is the highest common divisor of 22 and q?
11
Suppose -4*a + 8*a - 48 = 0. Let i be 6 + 2 + -5 + 2. Suppose 4*s - 131 = -i*w - 21, 3*s - 15 = 0. What is the highest common divisor of a and w?
6
Let a = 5 - 35. Let m = 40 + a. Let g(x) = 11*x - 17. Let q be g(m). Calculate the greatest common divisor of 62 and q.
31
Let u be (-6)/(-8)*74/(-9)*(-408)/68. What is the greatest common factor of 4033 and u?
37
Suppose 0 = 7*h + 17*h - 432. Let k(u) = -u. Let a be k(2). Let s be h + (-1)/a*-2. Calculate the highest common factor of s and 17.
17
Let f = -2207 - -2212. What is the highest common factor of f and 4955?
5
Let l(u) = -3*u**3 + 11*u**2 + 14*u + 4. Let t be l(-2). What is the greatest common divisor of t and 143?
11
Let y(j) = 2*j**3 - 49*j**2 + 68*j + 111. Let h be y(28). What is the highest common factor of 369 and h?
123
Let x be 21/(-9)*(-6531)/49. Calculate the greatest common divisor of 1 and x.
1
Suppose 0 = 3*p + 3*p - 24. Suppose p = 4*i - 3*i. Suppose k - 24 + 10 = i*a, -2*k = a - 19. Calculate the greatest common factor of k and 80.
10
Let r be 4/(-18) + 3320/36. Let u be ((-276)/9)/((-4346)/(-1113) + -4 + 0). Calculate the greatest common factor of r and u.
46
Suppose -64 = 8259*a - 8261*a. Calculate the highest common factor of 2048 and a.
32
Let t = -730 + 818. What is the greatest common factor of 660 and t?
44
Let v = -2857 + 3836. What is the greatest common divisor of v and 143?
11
Let w = 4942 - 2014. Calculate the greatest common divisor of w and 18.
6
Let v be 33 + -14 + (-2 - -1). Suppose -n = 2*n + 5*d - 100, 0 = 3*n - 5*d - 50. Suppose -8 = -n*j + 21*j. What is the highest common factor of v and j?
2
Let a(t) = 28. Let q(f) = f + 55. Let s(d) = 5*a(d) - 3*q(d). Let m = -1597 - -1583. Let p be s(m). Calculate the greatest common divisor of 34 and p.
17
Let f(u) = u**2 - 30*u + 89. Let m be f(27). Suppose m*r + 4*r = 3456. Calculate the highest common divisor of r and 18.
18
Let s = 176228 + -176216. Let v(p) = 45*p + 3. Let g be v(5). Calculate the highest common factor of s and g.
12
Let o = 106 - 103. Suppose -o + 9 = 3*j, 492 = 2*n + 2*j. What is the greatest common divisor of n and 61?
61
Let v(a) = -2*a + 120. Let j be (36/(-24))/((-6)/128). Let u be v(j). Calculate the highest common divisor of 56 and u.
56
Let f be 25*-1*(-47)/((-235)/(-262)). What is the greatest common factor of f and 30?
10
Let w = -3297 + 4773. Let b be 1/(-3*(-3)/w). Let y = 117 + -76. Calculate the highest common divisor of b and y.
41
Let o = 6219 - 5414. What is the highest common divisor of 175 and o?
35
Let n(r) = -8*r**3 + 6*r**2 - 5*r - 3. Let c be n(-3). Let v = c + -258. Calculate the greatest common divisor of v and 16.
8
Let h be (-56463)/(-435) - (-44)/20. Calculate the highest common divisor of h and 7084.
44
Let y(a) = 4*a**2 + 33*a + 116. Let r be y(-8). Calculate the highest common factor of 1674 and r.
54
Suppose -10*j = 2*j - 17*j + 525. What is the highest common divisor of j and 54075?
105
Let y be -4*(3 - (-35)/(-10)). Let l be y*-5*11/(-22). Let n(w) = -w**3 - 15*w**2 + 14*w + 13. Let p be n(-16). What is the highest common factor of p and l?
5
Suppose -17 = -10*p - 57. Let n(q) = q**3 + 11*q**2 + 15*q + 8. Let g be n(p). What is the highest common factor of g and 390?
30
Suppose 11 + 9 = 5*m, -5*m = 4*v - 724. Suppose -3*a + 123 = -3*s, v = 4*a + 5*s - 3*s. Let g = -244 - -545. Calculate the highest common divisor of g and a.
43
Let c = -20 - -58. Let u = 37 + c. What is the greatest common factor of u and 5?
5
Let a(v) = -63*v**3 - 6*v**2 + 53*v + 60. Let t be a(-1). Let g(b) = 22*b**3 - 2*b**2 + b - 3. Let r be g(3). What is the highest common factor of r and t?
64
Suppose -5*g + 37730 = 3*q - 8184, 45898 = 5*g + q. Calculate the highest common divisor of g and 26.
26
Let a(v) = -v**2 - 21*v - 105. Let g be a(-12). Let w(j) = 6*j**2 - 8*j + 15. Let i be w(g). What is the highest common factor of 225 and i?
45
Let n(a) = -148*a - 583. Let d be n(-4). Let r = 153 - 54. What is the greatest common divisor of d and r?
9
Let k = 149 + -137. Let h be 5723/k + 10/120. Wh